divided by 56?
50
What is the remainder when 2298226 is divided by 2298223?
3
What is the remainder when 1125309 is divided by 519?
117
Calculate the remainder when 1671215 is divided by 19894.
119
What is the remainder when 52718841 is divided by 3294927?
9
Calculate the remainder when 58096715 is divided by 176.
171
Calculate the remainder when 43047 is divided by 10174.
2351
Calculate the remainder when 421632 is divided by 17561.
168
What is the remainder when 222565 is divided by 55582?
237
What is the remainder when 4929 is divided by 1190?
169
What is the remainder when 309353 is divided by 151499?
6355
What is the remainder when 836321 is divided by 417656?
1009
What is the remainder when 34488 is divided by 2336?
1784
Calculate the remainder when 59754789 is divided by 18.
9
Calculate the remainder when 1877176 is divided by 1563.
13
What is the remainder when 198908 is divided by 31701?
8702
Calculate the remainder when 36938575 is divided by 1554.
1549
What is the remainder when 1498779 is divided by 71338?
681
Calculate the remainder when 10338303 is divided by 1271.
1260
Calculate the remainder when 2908332 is divided by 581665.
7
What is the remainder when 338693277 is divided by 5?
2
Calculate the remainder when 268882422 is divided by 237.
234
What is the remainder when 445658 is divided by 1789?
197
What is the remainder when 13098045 is divided by 2324?
2305
Calculate the remainder when 745025 is divided by 386.
45
What is the remainder when 30028 is divided by 1766?
6
What is the remainder when 4261159 is divided by 163?
13
Calculate the remainder when 3072715 is divided by 1274.
1101
Calculate the remainder when 129904 is divided by 2707.
2675
Calculate the remainder when 8618630 is divided by 462.
20
What is the remainder when 350624 is divided by 5394?
14
What is the remainder when 2604790 is divided by 178?
116
What is the remainder when 7312745 is divided by 324?
65
What is the remainder when 242264 is divided by 80370?
1154
What is the remainder when 2659260 is divided by 177283?
15
Calculate the remainder when 8855245 is divided by 324.
1
Calculate the remainder when 344737 is divided by 14272.
2209
Calculate the remainder when 849529 is divided by 1054.
5
What is the remainder when 851442 is divided by 905?
742
Calculate the remainder when 174605 is divided by 37.
2
Calculate the remainder when 1000006 is divided by 1104.
886
Calculate the remainder when 23187288 is divided by 966137.
0
What is the remainder when 872141 is divided by 18959?
27
What is the remainder when 381255947 is divided by 28?
23
What is the remainder when 21246126 is divided by 281?
278
What is the remainder when 20039769 is divided by 9?
0
What is the remainder when 1809779 is divided by 115?
24
Calculate the remainder when 4919068 is divided by 132.
88
What is the remainder when 40507671 is divided by 65?
61
Calculate the remainder when 9330232 is divided by 126084.
16
What is the remainder when 1664398 is divided by 12514?
36
Calculate the remainder when 2220032 is divided by 3037.
3022
Calculate the remainder when 350282 is divided by 13471.
36
Calculate the remainder when 5138132 is divided by 1712707.
11
Calculate the remainder when 4739591 is divided by 338.
155
Calculate the remainder when 33812434 is divided by 46.
42
Calculate the remainder when 260873 is divided by 28862.
1115
What is the remainder when 69394782 is divided by 11?
6
What is the remainder when 253286 is divided by 1526?
1496
Calculate the remainder when 30321286 is divided by 1193.
1191
Calculate the remainder when 70372041 is divided by 469.
467
Calculate the remainder when 9313120 is divided by 94.
70
Calculate the remainder when 203698 is divided by 1038.
250
Calculate the remainder when 626695 is divided by 381.
331
Calculate the remainder when 252245 is divided by 251093.
1152
What is the remainder when 15577268 is divided by 939?
197
Calculate the remainder when 891686 is divided by 41.
18
Calculate the remainder when 1643567 is divided by 63209.
133
What is the remainder when 2402281 is divided by 2733?
2707
What is the remainder when 968539 is divided by 6325?
814
What is the remainder when 13200540 is divided by 276?
12
Calculate the remainder when 26231196 is divided by 296.
268
Calculate the remainder when 2130955 is divided by 17907.
22
Calculate the remainder when 19337 is divided by 11780.
7557
What is the remainder when 72752779 is divided by 396?
55
Calculate the remainder when 3003450 is divided by 150.
0
What is the remainder when 345999 is divided by 338422?
7577
Calculate the remainder when 16827492 is divided by 551.
503
What is the remainder when 29869113 is divided by 123?
39
What is the remainder when 114828323 is divided by 4516?
4507
Calculate the remainder when 674706 is divided by 83.
82
What is the remainder when 56218259 is divided by 30?
29
Calculate the remainder when 72171 is divided by 3523.
1711
What is the remainder when 30171217 is divided by 865?
17
What is the remainder when 438157 is divided by 1066?
31
What is the remainder when 3693575 is divided by 1413?
1406
What is the remainder when 110452 is divided by 6897?
100
What is the remainder when 4652652 is divided by 30812?
40
Calculate the remainder when 31674 is divided by 31045.
629
Calculate the remainder when 1600014 is divided by 86.
70
Calculate the remainder when 288918 is divided by 32092.
90
Calculate the remainder when 51554 is divided by 360.
74
What is the remainder when 3567 is divided by 2118?
1449
Calculate the remainder when 85778 is divided by 7791.
77
What is the remainder when 32038963 is divided by 81941?
32
Calculate the remainder when 165994333 is divided by 845.
843
Calculate the remainder when 978554 is divided by 1586.
1578
Calculate the remainder when 5711581 is divided by 321.
28
Calculate the remainder when 240079 is divided by 920.
879
Calculate the remainder when 170465632 is divided by 5221.
5203
What is the remainder when 180726664 is divided by 3269?
3268
What is the remainder when 1142655 is divided by 1791?
1788
What is the remainder when 35541543 is divided by 117?
102
Calculate the remainder when 99677696 is divided by 809.
806
What is the remainder when 2486128 is divided by 2486017?
111
What is the remainder when 903871 is divided by 10237?
3015
Calculate the remainder when 132054922 is divided by 3.
1
Calculate the remainder when 20538907 is divided by 87773.
25
What is the remainder when 54429426 is divided by 146710?
16
What is the remainder when 1135353 is divided by 378227?
672
Calculate the remainder when 259575 is divided by 3130.
2915
Calculate the remainder when 280146 is divided by 1351.
489
What is the remainder when 284329253 is divided by 1451?
1450
What is the remainder when 215120 is divided by 580?
520
Calculate the remainder when 19351 is divided by 3831.
196
What is the remainder when 23796026 is divided by 1924?
1918
Calculate the remainder when 1623284 is divided by 1653.
38
Calculate the remainder when 2321429434 is divided by 36.
34
Calculate the remainder when 61033 is divided by 1745.
1703
What is the remainder when 199863 is divided by 3505?
78
What is the remainder when 34558 is divided by 6909?
13
What is the remainder when 3632579 is divided by 434?
433
What is the remainder when 10363 is divided by 10296?
67
What is the remainder when 15886 is divided by 1978?
62
What is the remainder when 21033802 is divided by 6510?
6502
What is the remainder when 1067106 is divided by 3718?
40
Calculate the remainder when 909372 is divided by 467.
123
Calculate the remainder when 2946718 is divided by 386.
380
Calculate the remainder when 202330 is divided by 950.
930
Calculate the remainder when 120660 is divided by 59675.
1310
Calculate the remainder when 23944377 is divided by 276.
273
What is the remainder when 13380 is divided by 255?
120
Calculate the remainder when 138392 is divided by 23.
1
Calculate the remainder when 9352339 is divided by 66.
7
Calculate the remainder when 1450195 is divided by 7330.
6185
What is the remainder when 190987958 is divided by 3534?
3530
What is the remainder when 4604114 is divided by 1218?
74
What is the remainder when 23531971 is divided by 3224?
3219
What is the remainder when 80